30
Calculate the remainder when 880 is divided by 13.
9
Calculate the remainder when 38 is divided by 3.
2
What is the remainder when 866 is divided by 134?
62
Calculate the remainder when 169 is divided by 106.
63
Calculate the remainder when 13989 is divided by 106.
103
Calculate the remainder when 1752 is divided by 14.
2
Calculate the remainder when 62 is divided by 12.
2
Calculate the remainder when 549 is divided by 185.
179
Calculate the remainder when 1582 is divided by 29.
16
Calculate the remainder when 143 is divided by 24.
23
What is the remainder when 303 is divided by 300?
3
Calculate the remainder when 787 is divided by 44.
39
What is the remainder when 229 is divided by 18?
13
What is the remainder when 150 is divided by 11?
7
Calculate the remainder when 574 is divided by 24.
22
What is the remainder when 32 is divided by 20?
12
Calculate the remainder when 1859 is divided by 15.
14
Calculate the remainder when 1008 is divided by 101.
99
Calculate the remainder when 996 is divided by 166.
0
Calculate the remainder when 1923 is divided by 11.
9
What is the remainder when 687 is divided by 176?
159
What is the remainder when 116 is divided by 69?
47
Calculate the remainder when 266 is divided by 3.
2
Calculate the remainder when 44 is divided by 16.
12
Calculate the remainder when 875 is divided by 140.
35
What is the remainder when 207 is divided by 43?
35
What is the remainder when 591 is divided by 7?
3
What is the remainder when 399 is divided by 31?
27
What is the remainder when 228 is divided by 21?
18
Calculate the remainder when 1791 is divided by 44.
31
What is the remainder when 1618 is divided by 108?
106
What is the remainder when 94 is divided by 3?
1
What is the remainder when 105 is divided by 29?
18
What is the remainder when 139 is divided by 54?
31
Calculate the remainder when 74 is divided by 14.
4
Calculate the remainder when 114 is divided by 42.
30
Calculate the remainder when 1548 is divided by 23.
7
Calculate the remainder when 140 is divided by 22.
8
Calculate the remainder when 35 is divided by 19.
16
Calculate the remainder when 218 is divided by 11.
9
What is the remainder when 5889 is divided by 10?
9
What is the remainder when 4931 is divided by 17?
1
What is the remainder when 8189 is divided by 39?
38
Calculate the remainder when 19 is divided by 14.
5
What is the remainder when 116 is divided by 37?
5
What is the remainder when 430 is divided by 72?
70
Calculate the remainder when 101 is divided by 50.
1
What is the remainder when 1398 is divided by 33?
12
Calculate the remainder when 649 is divided by 50.
49
What is the remainder when 77 is divided by 42?
35
What is the remainder when 323 is divided by 26?
11
What is the remainder when 121 is divided by 13?
4
Calculate the remainder when 329 is divided by 141.
47
What is the remainder when 2412 is divided by 143?
124
What is the remainder when 559 is divided by 57?
46
What is the remainder when 1817 is divided by 131?
114
What is the remainder when 1156 is divided by 190?
16
What is the remainder when 260 is divided by 44?
40
Calculate the remainder when 171 is divided by 30.
21
Calculate the remainder when 2861 is divided by 1423.
15
Calculate the remainder when 273 is divided by 12.
9
What is the remainder when 189 is divided by 19?
18
Calculate the remainder when 322 is divided by 33.
25
Calculate the remainder when 179 is divided by 90.
89
What is the remainder when 1522 is divided by 61?
58
What is the remainder when 782 is divided by 27?
26
What is the remainder when 91 is divided by 39?
13
What is the remainder when 806 is divided by 54?
50
Calculate the remainder when 82 is divided by 67.
15
Calculate the remainder when 755 is divided by 23.
19
Calculate the remainder when 1166 is divided by 194.
2
Calculate the remainder when 246 is divided by 29.
14
Calculate the remainder when 244 is divided by 81.
1
Calculate the remainder when 70 is divided by 54.
16
What is the remainder when 89 is divided by 47?
42
Calculate the remainder when 28 is divided by 13.
2
What is the remainder when 334 is divided by 313?
21
What is the remainder when 648 is divided by 161?
4
Calculate the remainder when 781 is divided by 111.
4
What is the remainder when 32 is divided by 25?
7
Calculate the remainder when 312 is divided by 35.
32
What is the remainder when 346 is divided by 165?
16
What is the remainder when 580 is divided by 158?
106
What is the remainder when 2123 is divided by 118?
117
Calculate the remainder when 2602 is divided by 650.
2
Calculate the remainder when 2053 is divided by 137.
135
What is the remainder when 87 is divided by 22?
21
Calculate the remainder when 957 is divided by 31.
27
What is the remainder when 211 is divided by 150?
61
Calculate the remainder when 282 is divided by 171.
111
Calculate the remainder when 1538 is divided by 767.
4
What is the remainder when 434 is divided by 108?
2
What is the remainder when 167 is divided by 2?
1
Calculate the remainder when 3721 is divided by 76.
73
Calculate the remainder when 653 is divided by 41.
38
Calculate the remainder when 363 is divided by 162.
39
Calculate the remainder when 463 is divided by 450.
13
Calculate the remainder when 821 is divided by 210.
191
Calculate the remainder when 99 is divided by 14.
1
Calculate the remainder when 24 is divided by 9.
6
What is the remainder when 1678 is divided by 14?
12
What is the remainder when 230 is divided by 78?
74
What is the remainder when 6835 is divided by 7?
3
What is the remainder when 916 is divided by 103?
92
Calculate the remainder when 193 is divided by 51.
40
What is the remainder when 64 is divided by 24?
16
Calculate the remainder when 2109 is divided by 24.
21
What is the remainder when 29822 is divided by 25?
22
Calculate the remainder when 3511 is divided by 14.
11
What is the remainder when 100 is divided by 21?
16
Calculate the remainder when 413 is divided by 32.
29
Calculate the remainder when 103 is divided by 18.
13
Calculate the remainder when 230 is divided by 4.
2
What is the remainder when 958 is divided by 361?
236
What is the remainder when 621 is divided by 8?
5
Calculate the remainder when 203 is divided by 59.
26
Calculate the remainder when 1108 is divided by 205.
83
Calculate the remainder when 50 is divided by 33.
17
What is the remainder when 1184 is divided by 17?
11
Calculate the remainder when 224 is divided by 57.
53
What is the remainder when 999 is divided by 10?
9
Calculate the remainder when 1821 is divided by 21.
15
What is the remainder when 244 is divided by 17?
6
What is the remainder when 2839 is divided by 70?
39
What is the remainder when 2232 is divided by 11?
10
What is the remainder when 324 is divided by 65?
64
What is the remainder when 8214 is divided by 316?
314
Calculate the remainder when 648 is divided by 163.
159
What is the remainder when 3015 is divided by 97?
8
Calculate the remainder when 217 is divided by 143.
74
What is the remainder when 435 is divided by 111?
102
What is the remainder when 1504 is divided by 93?
16
Calculate the remainder when 9015 is divided by 2253.
3
Calculate the remainder when 5494 is divided by 35.
34
What is the remainder when 98 is divided by 44?
10
Calculate the remainder when 6104 is divided by 86.
84
What is the remainder when 4151 is divided by 15?
11
What is the remainder when 1277 is divided by 47?
8
What is the remainder when 374 is divided by 75?
74
What is the remainder when 54 is divided by 30?
24
Calculate the remainder when 1329 is divided by 223.
214
What is the remainder when 519 is divided by 23?
13
What is the remainder when 159 is divided by 5?
4
Calculate the remainder when 7 is divided by 6.
1
Calculate the remainder when 600 is divided by 43.
41
What is the remainder when 696 is divided by 59?
47
Calculate the remainder when 135 is divided by 46.
43
Calculate the remainder when 176 is divided by 26.
20
Calculate the remainder when 368 is divided by 41.
40
Calculate the remainder when 647 is divided by 26.
23
Calculate the remainder when 2437 is divided by 56.
29
What is the remainder when 1005 is divided by 332?
9
What is the remainder when 21161 is divided by 481?
478
Calculate the remainder when 947 is divided by 